p) a composite number?
True
Suppose 0 = -5*r - 4*j + 10875, -8*j = -2*r - 7*j + 4337. Is r a prime number?
False
Is 1*3/6*8222 a composite number?
False
Suppose 9*j = j. Suppose j = s - 5. Suppose d + 2*d = g + 203, 0 = -s*d + g + 337. Is d a prime number?
True
Let s = 5172 + -3019. Is s prime?
True
Let i(u) = -u**3 + 39*u**2 + 26*u - 9. Is i(-28) a composite number?
True
Is ((-2)/3*-1853)/((-18)/(-27)) composite?
True
Is -6 - (-6 - 27188) - -3 prime?
True
Let o(z) = 31*z + 6. Let w(x) be the second derivative of x**4/12 + x**3/2 - 3*x**2/2 + 4*x. Let m be w(-5). Is o(m) a prime number?
True
Let n(b) = -b. Let h be n(13). Let k be (h + -2)*4/(-6). Is -4 + (-5)/(k/(-82)) composite?
False
Let k(r) be the first derivative of 29*r**3/3 + 15*r**2/2 - r + 18. Is k(-5) prime?
False
Let b(i) = 64*i - 5. Is b(4) a prime number?
True
Let v = 3054 + -2153. Suppose -2*g + 209 + 146 = -l, -5*g - 2*l + v = 0. Is g a composite number?
False
Let c(s) = 21*s**2 - 7*s - 75. Is c(-5) composite?
True
Let h(l) = l**2 - 7*l + 9. Let w be h(6). Suppose -2*d + 1079 = -3*i, 4*i - w = i. Is d a prime number?
True
Let l(q) = 398*q**3 + q**2 - q - 1. Is l(1) a prime number?
True
Let w(b) = -35*b**3 - 46*b**2 + 7*b - 33. Is w(-11) prime?
False
Let x = -8854 - -16088. Is x a composite number?
True
Is (-1310274)/(-15) + (-329)/(-235) a composite number?
True
Suppose v - 235 = -5*u, -2*v = -7*v - 2*u + 1244. Let c be ((-9)/12)/((-1)/4). Suppose c*t = j - 62, 5*j = 4*t - 9*t + v. Is j a prime number?
True
Let j = 9 - 6. Suppose -7*q - 25 = -2*q - a, j*q + 4*a = 8. Is 1479/27 + q/(-18) a prime number?
False
Let m be 36/(-10)*(-24600)/(-18). Let x = 7281 + m. Is x a composite number?
True
Let t(q) = 136*q**3 + 15*q**2 - 36*q + 5. Is t(2) composite?
True
Let o(m) = -1477*m. Let y = 30 - 31. Is o(y) a composite number?
True
Let q(x) = -x**2 - x - 2. Let f be q(-4). Let o = -10 - f. Is 4*(0 + 69/o) prime?
False
Let z(u) = u**2 - 4*u - 17. Let c be ((-21)/3)/(2 - 3). Let d be z(c). Suppose -270 = -d*p - 86. Is p a prime number?
False
Let v(j) = -39*j + 9. Let f(m) = -20*m + 5. Let b(l) = -l - 15. Let z be b(-11). Let w(u) = z*v(u) + 7*f(u). Is w(8) a composite number?
False
Suppose 9*a - 8*a = 567. Suppose -a = 3*y - 6*y. Suppose -y = -4*b + 127. Is b a prime number?
True
Let u(f) = 94*f**2 - 2*f - 1. Let t be u(-1). Suppose -440 = -3*y - t. Is y a prime number?
False
Let v(y) be the third derivative of -8*y**2 + 0*y + 5/6*y**3 + 1/60*y**5 + 0 + 17/24*y**4. Is v(12) a composite number?
False
Let q be 3 - -134 - 1 - -1. Suppose a - 5*b - 561 = 0, -2*b + 1235 = 2*a + q. Is a composite?
True
Let y = 228 + -61. Is -2*(-7 + 10 + y/(-2)) a composite number?
True
Let c(a) be the first derivative of -7 + 13*a + 1/3*a**3 + 0*a**2. Is c(-6) a composite number?
True
Let f = 5856 - 2837. Is f composite?
False
Suppose 0 = 2*a + a - 12. Let q(x) = 4*x**2 + 9*x - 5. Is q(a) a prime number?
False
Let i(m) = -3*m**3 - 9*m**2 - 7*m + 1. Let s(l) = 3*l**3 + 10*l**2 + 7*l - 1. Let k(j) = -6*i(j) - 5*s(j). Is k(8) a prime number?
True
Is 3004 - (15/3 + -8) composite?
True
Let n(x) = 106*x**2 - 38*x - 1. Is n(3) prime?
True
Is (76/(-16))/19 + (-72989)/(-4) composite?
True
Suppose 5 - 25 = 2*x. Let i(k) = 2*k + 24. Let c be i(x). Is c/(-10) + 567/5 a composite number?
False
Let o = -9 - -18. Let n(x) = 6*x**2 - 6*x - 21. Is n(o) a composite number?
True
Let n(s) = -s**3 + 12*s**2 - 11*s - 2. Let y be n(10). Suppose y = -7*m + 221. Is m composite?
False
Let w(i) be the third derivative of i**6/120 + 7*i**5/20 - 25*i**4/24 + 67*i**3/6 + 41*i**2. Is w(-20) composite?
False
Suppose 0 = 4*z + 3*d + 80, 5*z + 100 = 8*d - 3*d. Let l be (z/(-6))/(3/9). Suppose -l = -5*i, 4*i + 567 = 5*r - 0*i. Is r prime?
False
Let c(n) = n**3 - 7*n**2 - 10*n - 4. Let m(h) = -h**3 + 6*h**2 + h + 3. Let r be m(6). Let i be c(r). Let y = 115 - i. Is y a prime number?
True
Let c = -6 + 2. Let q(j) = j**3 + 4*j**2 - j - 6. Let m be q(c). Is 1932/(-63)*3/m composite?
True
Suppose 2*r - 107 + 101 = 0. Suppose -3*l = r*s - 2631, s - 4*s - l = -2631. Is s composite?
False
Let a = 188 - 67. Suppose 4*u - 3*u = a. Is u composite?
True
Suppose -j - 12*j = -39. Suppose 928 + 515 = j*u - 4*d, -2*u + 962 = -3*d. Is u prime?
False
Is 279139/3 + (-16)/(-24) prime?
True
Suppose 3*g = 5*q - 10, 0*q = q + 2*g + 11. Is 1/4 + q + 3786/24 a prime number?
True
Let h(o) = -o + 4. Let t be h(2). Let p = -100 + 105. Suppose 4*x = k - 111, 0*k - t*k + 237 = -p*x. Is k composite?
False
Suppose -3*x - 1 = -0*g + 2*g, -g - 11 = 5*x. Suppose 45 + 104 = 3*c + k, g*c - 187 = k. Suppose -4*n + c = -40. Is n a prime number?
False
Let u(s) = 172*s**2 - 9*s - 22. Let h be u(-5). Let d = -2132 + h. Is d composite?
True
Let n = 101930 - -21029. Is n composite?
True
Suppose -4*q - 156 = 60. Is (-4)/(-18) - 32982/q a prime number?
False
Suppose -2*f - 2*f + 4 = 4*u, 4*f = 3*u + 32. Let j be (2 + 1)*u/6. Let d(r) = 57*r**2 + 4*r + 3. Is d(j) a composite number?
False
Let g be ((-1)/2)/((-2)/(-10752)*-2). Suppose 0 = 5*a - 2*v - v - 1717, 4*a = -5*v + g. Is a prime?
False
Let s be (3280/(-25))/(4/(-30)). Suppose -o + 483 = o + 5*m, -s = -4*o - 4*m. Is o a composite number?
True
Let y = -16 + 21. Suppose -y*x + 4*r = -1473, -3*x = x + 3*r - 1166. Is x prime?
True
Let u be (-5104 - -4)/(-3) - 0. Suppose -2*y - u = -0*s + 5*s, -3*s = -2*y + 1004. Is (-10)/(-15) + s/(-6) a prime number?
False
Suppose 0 = 2*h - 6, 0*z = -2*z - 5*h + 483. Suppose 2*y - 4*d = 148, -3*y - 5*d + d = -262. Suppose -4*q + y = -z. Is q composite?
False
Let c = 305 - 447. Let g = 98 + c. Is (-8940)/g - 8/44 a prime number?
False
Let w(t) = -2*t**3 + 9*t**2 - 10*t + 8. Let o be w(7). Let u = 561 + o. Is u composite?
True
Suppose -3*k - 768 = r, 0 = -r + 5*r + 2*k + 3122. Let p = r - -1570. Is p prime?
True
Suppose -5*c = -2*t + 6, -2*c - 3*c - 3*t = 16. Let l be (1 - 4 - 1)/c. Suppose -l*y - 3365 = -7*y. Is y a prime number?
True
Is ((-13)/(39/9942))/(-2) a prime number?
True
Let u be (-36)/3*(-10)/30. Suppose 2*s + 1 = -b + u*b, 15 = 3*s + b. Suppose 444 - 65 = x - s*m, -4*x - 2*m + 1570 = 0. Is x a composite number?
True
Is -27628*(4 + -3)*(-13)/52 a composite number?
False
Suppose -5*a = 2007 - 13297. Suppose 6*x = a + 13948. Is x a composite number?
True
Is 2601556/84 - 3*(-6)/189 a prime number?
True
Let g be (-1 + (-6)/(-4))*78. Suppose -3*d - g + 738 = 0. Is d a composite number?
False
Is 1 + (-5430)/(-5) + 0 a composite number?
False
Suppose -8*n + 472593 = -569655. Is n a prime number?
False
Let h(z) = z**3 - 5*z**2 + z - 5. Let p be h(5). Is -111*(p - 11/3) prime?
False
Is ((-13865)/2 + 4)*(-6)/9 a composite number?
True
Let q = 288 - 147. Suppose -r + 2*n = -0*n + 14, -4*r - 49 = -n. Is q/2 + r/8 prime?
False
Let l = -78 + 84. Is ((-15575)/(-14) - l)/(1/2) a prime number?
True
Suppose 4637 = 4*d - 4007. Is d a prime number?
True
Suppose 0 = -3*q + 3*c + 91071, 0 = -0*q + q + c - 30361. Is q composite?
True
Let w = -28 + 26. Let t(k) = -32*k**3 - k**2 + 2*k + 3. Is t(w) composite?
False
Suppose -3*a + 0*a = -2130. Suppose 3*p - 3*d - 2*d = 536, -4*p + 2*d = -a. Is p a prime number?
False
Suppose -8*y + 56380 = 12*y. Is y a composite number?
False
Is (-4)/12*-2 - (-11449)/3 a prime number?
False
Suppose -3*z = -4*z + 3*f - 9, -z = -2*f + 6. Suppose z = l - 3440 + 421. Is l composite?
False
Suppose -3*i + 2474 = -15931. Suppose 2*u = 7*u - i. Is u a prime number?
False
Suppose 11*k = 8*k + 3021. Suppose -3*l + 112 = -k. Is l prime?
True
Is (490107/(-92))/(9/(-12)) prime?
True
Suppose -3*z - 782 = 2*h - 6*h, 2*z + 552 = -5*h. Let u = z + 457. Is u prime?
True
Suppose p - 3 = -4*n, -p + 3*p - 6 = 4*n. Suppose -3843 - 663 = -p*d. Suppose -d = -2*q + 2*k, -4*q + 5*k = -0*q - 3004. Is q a prime number?
True
Let k = 3 - 0. Suppose v + 2 = k*v. Is -1 + (3 + v)*30 a prime number?
False
Let k = 818 - 31. Is k a prime number?
True
Suppose 0 = 3*g - 3*z - 2343, 3*g + 4*z - 2392 = -84. Suppose -8*m = -g - 1104. Is m prime?
False
Suppose 14*c - 121148 = 38522. Is c prime?
False
Suppose -2*b + 44700 = 4*b. Suppose -5*m + b = 5*m. Is m composite?
True
Let y = -904 - -3843. Is y composite?
False
Suppose 58 = 3*w + 2107. Let c = w + 1161. Let u = 711 - c. Is u composite?
False
Let m = -30 - -30. Suppose m